{"id":375,"date":"2019-08-27T10:56:39","date_gmt":"2019-08-27T08:56:39","guid":{"rendered":"https:\/\/scuolapapagiovanni.altervista.org\/?page_id=375"},"modified":"2019-08-30T15:13:29","modified_gmt":"2019-08-30T13:13:29","slug":"chi-siamo","status":"publish","type":"page","link":"https:\/\/www.scuolapapagiovanni.org\/wp\/chi-siamo\/","title":{"rendered":"chi siamo"},"content":{"rendered":"<p><!--StartFragment--><\/p>\n\n\n<p class=\"has-drop-cap\">Il bambino impara a vivere guardando e seguendo degli adulti significativi , e questo rende possibile l&#8217;apprendimento. Non c&#8217;\u00e8 apprendimento senza rapporto, perci\u00f2 l&#8217;adulto \u00e8 per il bambino colui che muove i suoi passi nella realt\u00e0 e che \u00e8 ragionevole seguire affinch\u00e8 un&#8217;analoga esperienza possa ripetersi per s\u00e9.&nbsp;<\/p>\n\n\n\n<p><br>L&#8217;insegnante, con la sua proposta, risponde al desiderio di conoscenza, di comprendere il significato di ci\u00f2 che si fa.&nbsp;<\/p>\n\n\n\n<h3><br>Il nostro progetto educativo si realizza nel far compagnia a un pi\u00f9 piccolo, prendendolo sul serio e accogliendolo come portatore di una storia e di una identit\u00e0.&nbsp;<\/h3>\n\n\n\n<p>La Scuola dell\u2019Infanzia \u201cSan Giovanni XXIII\u201d \u00e8 presente a Cormano da quasi sessant\u2019anni. <\/p>\n\n\n\n<p>Fondata nel 1961 per volere del Cardinale Montini a seguito della sua visita pastorale ed \u00e8 sorta con l\u2019obiettivo di rispondere a un bisogno sociale ed educativo nel quartiere di Molinazzo. <\/p>\n\n\n\n<p>Il Cardinale stesso aveva affidato la conduzione dell\u2019opera alle suore dell\u2019Ordine delle Poverelle di Bergamo.<br>Nel 1994, poich\u00e9 le suore non potevano pi\u00f9 garantire la loro presenza, il Parroco in carica in quegli anni Don Savino Gaudio, per poter assicurare la continuit\u00e0 educativa dell\u2019opera, la affid\u00f2 ad alcuni laici. <\/p>\n\n\n\n<p>Cos\u00ec da <strong>gestione parrocchiale si \u00e8 passati all\u2019istituzione di un\u2019associazione composta da alcuni genitori <\/strong>che si sono assunti insieme al parroco, anche la gestione amministrativa. <\/p>\n\n\n\n<h3>E\u2019 nata allora la \u201dAssociazione Scuola Materna Papa Giovanni XXIII\u201d. <\/h3>\n\n\n\n<p>Nell\u2019anno 2015 si \u00e8 trasformata in Cooperativa Sociale.<br>La Scuola dell\u2019Infanzia \u201cSan Giovanni XXIII\u201d \u00e8 una realt\u00e0 educativa ben affermata sia a livello educativo che didattico destinata ad accogliere i bambini non solo del quartiere ma anche quelli provenienti da altre zone di Cormano.<\/p>\n\n\n\n<p><br> <em>La scuola \u00e8 stata riconosciuta Paritaria con D.M. n. 488 del 28\/02\/2001.<\/em><\/p>\n","protected":false},"excerpt":{"rendered":"<p>Il bambino impara a vivere guardando e seguendo degli adulti significativi , e questo rende possibile l&#8217;apprendimento. Non c&#8217;\u00e8 apprendimento senza rapporto, perci\u00f2 l&#8217;adulto \u00e8 per il bambino colui che muove i suoi passi nella realt\u00e0 e che \u00e8 ragionevole seguire affinch\u00e8 un&#8217;analoga esperienza possa ripetersi per s\u00e9.&nbsp; L&#8217;insegnante, con la sua proposta, risponde al [&hellip;]<\/p>\n","protected":false},"author":2,"featured_media":0,"parent":0,"menu_order":0,"comment_status":"closed","ping_status":"closed","template":"","meta":[],"_links":{"self":[{"href":"https:\/\/www.scuolapapagiovanni.org\/wp\/wp-json\/wp\/v2\/pages\/375"}],"collection":[{"href":"https:\/\/www.scuolapapagiovanni.org\/wp\/wp-json\/wp\/v2\/pages"}],"about":[{"href":"https:\/\/www.scuolapapagiovanni.org\/wp\/wp-json\/wp\/v2\/types\/page"}],"author":[{"embeddable":true,"href":"https:\/\/www.scuolapapagiovanni.org\/wp\/wp-json\/wp\/v2\/users\/2"}],"replies":[{"embeddable":true,"href":"https:\/\/www.scuolapapagiovanni.org\/wp\/wp-json\/wp\/v2\/comments?post=375"}],"version-history":[{"count":2,"href":"https:\/\/www.scuolapapagiovanni.org\/wp\/wp-json\/wp\/v2\/pages\/375\/revisions"}],"predecessor-version":[{"id":736,"href":"https:\/\/www.scuolapapagiovanni.org\/wp\/wp-json\/wp\/v2\/pages\/375\/revisions\/736"}],"wp:attachment":[{"href":"https:\/\/www.scuolapapagiovanni.org\/wp\/wp-json\/wp\/v2\/media?parent=375"}],"curies":[{"name":"wp","href":"https:\/\/api.w.org\/{rel}","templated":true}]}}

<p><!--StartFragment--></p>


<p class="has-drop-cap">Il bambino impara a vivere guardando e seguendo degli adulti significativi , e questo rende possibile l&#8217;apprendimento. Non c&#8217;è apprendimento senza rapporto, perciò l&#8217;adulto è per il bambino colui che muove i suoi passi nella realtà e che è ragionevole seguire affinchè un&#8217;analoga esperienza possa ripetersi per sé.&nbsp;</p>



<p><br>L&#8217;insegnante, con la sua proposta, risponde al desiderio di conoscenza, di comprendere il significato di ciò che si fa.&nbsp;</p>



<h3><br>Il nostro progetto educativo si realizza nel far compagnia a un più piccolo, prendendolo sul serio e accogliendolo come portatore di una storia e di una identità.&nbsp;</h3>



<p>La Scuola dell’Infanzia “San Giovanni XXIII” è presente a Cormano da quasi sessant’anni. </p>



<p>Fondata nel 1961 per volere del Cardinale Montini a seguito della sua visita pastorale ed è sorta con l’obiettivo di rispondere a un bisogno sociale ed educativo nel quartiere di Molinazzo. </p>



<p>Il Cardinale stesso aveva affidato la conduzione dell’opera alle suore dell’Ordine delle Poverelle di Bergamo.<br>Nel 1994, poiché le suore non potevano più garantire la loro presenza, il Parroco in carica in quegli anni Don Savino Gaudio, per poter assicurare la continuità educativa dell’opera, la affidò ad alcuni laici. </p>



<p>Così da <strong>gestione parrocchiale si è passati all’istituzione di un’associazione composta da alcuni genitori </strong>che si sono assunti insieme al parroco, anche la gestione amministrativa. </p>



<h3>E’ nata allora la ”Associazione Scuola Materna Papa Giovanni XXIII”. </h3>



<p>Nell’anno 2015 si è trasformata in Cooperativa Sociale.<br>La Scuola dell’Infanzia “San Giovanni XXIII” è una realtà educativa ben affermata sia a livello educativo che didattico destinata ad accogliere i bambini non solo del quartiere ma anche quelli provenienti da altre zone di Cormano.</p>



<p><br> <em>La scuola è stata riconosciuta Paritaria con D.M. n. 488 del 28/02/2001.</em></p>

<p>Il bambino impara a vivere guardando e seguendo degli adulti significativi , e questo rende possibile l&#8217;apprendimento. Non c&#8217;è apprendimento senza rapporto, perciò l&#8217;adulto è per il bambino colui che muove i suoi passi nella realtà e che è ragionevole seguire affinchè un&#8217;analoga esperienza possa ripetersi per sé.&nbsp; L&#8217;insegnante, con la sua proposta, risponde al [&hellip;]</p>
